t j be u(6). Suppose -j*l + 2*l + 4 = 0. Suppose 4*t - l*t - 230 = 0. Is t a composite number?
True
Suppose j - 8 = 2. Let z be ((-596)/j)/((-1)/(-5)). Is (-3)/12 - z/8 a composite number?
False
Is (38/6)/(3/333) composite?
True
Suppose 480 = -4*d + 8*d. Suppose 5*v - d = -7*t + 5*t, -v - 5*t = -1. Is v a composite number?
True
Let h = 108 + -43. Is h composite?
True
Suppose -4*l + 3 = -13. Suppose l*j - 80 = -4*x, -9 = -j - 5*x - 1. Is j a composite number?
False
Is 30/(-9)*(-58833)/18 composite?
True
Let v(w) = -w**2 + 9*w + 3. Suppose -2*q - 6 = -4*q. Suppose q*r - 14 = 4. Is v(r) a composite number?
True
Suppose 2*x + 501 = 4799. Is x a prime number?
False
Let s be (-2)/3*(7 + -130). Let t = s - -7. Is t a composite number?
False
Let s(i) = 12*i + 1. Let v be 3/12 + (-1)/4. Let u = v + 2. Is s(u) a prime number?
False
Suppose r + 0 = 4*v + 6, v = 5*r + 27. Let b be (-5 - r) + 3/1. Suppose 3*g + 4*y - 2 = 0, 2*y + y + 36 = b*g. Is g a prime number?
False
Let j(b) = 192*b**2 - b. Let v(o) = o - 6. Let m be v(7). Is j(m) prime?
True
Suppose w - 5*w = 2*n - 232, w + n = 56. Is ((-17)/(-2))/(6/w) a prime number?
False
Suppose 120 = 2*m - 2*j, -4*m + 228 = -0*j + 2*j. Suppose 4*d - 3*d = -3. Let k = d + m. Is k prime?
False
Let n be (2/4)/((-1)/(-4)). Suppose -b + 5*t - 39 = -n*b, -3*b - 5*t = -97. Let c = b - -194. Is c prime?
True
Let v = -31 + 7. Let d be 2/7 - (-626)/14. Let b = d + v. Is b composite?
True
Suppose 0 = -2*n + 4*v - 22, 5*n = 3*v + v - 31. Let f = n - -5. Is (f/3)/(10/735) composite?
True
Let b be (12/9)/((-4)/(-6)). Let m(q) = 3*q**2 - 3*q**b + 208 + 3 - q**3 + q. Is m(0) prime?
True
Suppose 2*i + x - 234 = 0, 3*i - x - 66 - 290 = 0. Is i a composite number?
True
Let j(w) = 7*w**2 + 7*w + 71. Is j(-5) prime?
True
Let d = -575 - -966. Is d prime?
False
Suppose 11 = 3*n - 4. Suppose -125 = -n*o + 5*r, 2*o + r = -4*r + 29. Is o prime?
False
Let c(v) = 3*v**2 + 7*v - 1. Is c(18) prime?
True
Let z(a) = 19*a**2 - a - 9. Let o be (-3)/15 - (-57)/(-15). Is z(o) a composite number?
True
Suppose 1 = 4*o - 11. Suppose 0 = l + o*l - 1036. Suppose l = 5*g + 4*i, -2*i - i = -3*g + 150. Is g a composite number?
True
Let b be 1*(0 + 4) - 2. Let z = -132 - -1249. Suppose 0 = -5*n + w + z, 0*w - 5*w = -b*n + 456. Is n composite?
False
Let p be (2/(-3))/((-1)/18). Let g be ((-2)/(-2))/((-5)/30). Let y = p + g. Is y composite?
True
Let y = 6 - 5. Is (-1)/(y - 40/38) composite?
False
Let h(n) = -2*n**3 - 3*n**2 + 3*n + 3. Let m be (-2)/(-4) - 35/10. Is h(m) composite?
True
Suppose -3*s - x = 32, 0 = -s + 3*s - 2*x + 24. Let f = -40 - -66. Let z = f + s. Is z a composite number?
True
Suppose 2*b - 3494 = -1108. Is b composite?
False
Suppose a = -a - o - 250, 4*a + 5*o + 488 = 0. Let d = a + 183. Is (-3)/(-2*6/d) composite?
True
Let u(m) = 4*m**2 - 3*m + 4. Is u(3) a prime number?
True
Suppose -2*o + 3 = -3*o. Let l be 1 - o - (1 + -3). Is ((-22)/6)/((-2)/l) prime?
True
Suppose -k + 15 = 2*k. Suppose -k*q = -q - 2*m + 4, -2*q + 10 = 5*m. Suppose -5*s - 3*x + 207 = 0, q = 5*s + 4*x - 8*x - 179. Is s composite?
True
Let p(k) = 11*k**2 + 3*k - 3. Let n = -8 - -1. Let j = n + 4. Is p(j) a composite number?
True
Let k(b) = 103*b**2 - 2*b + 5. Let z(s) = -51*s**2 + s - 3. Let r(o) = 4*k(o) + 7*z(o). Is r(-1) prime?
False
Suppose 7*t = 2196 + 1283. Is t prime?
False
Let c be (-6120)/(-105) + 2/(-7). Let f = c + 36. Is f a prime number?
False
Let f(b) = 63*b - 4. Is f(3) prime?
False
Suppose 4*z = -l + 5443, -2*l = 2*z - 4*l - 2724. Is z prime?
True
Is 21*((-388)/(-12) - 0) prime?
False
Suppose 2*k - 1449 = -3*a, -3*k = -2*k + a - 724. Is k composite?
True
Suppose -4*p + 3*w = -373, -p - 3*w - 179 = -3*p. Is p a prime number?
True
Let a be -1 - (-2 + -1) - 0. Suppose 6*k - a*k = -112. Is k*(-1 + (-6)/8) prime?
False
Suppose -251 - 313 = -3*h. Suppose 2*n + 0*g = 5*g + h, 0 = 4*n - 4*g - 364. Is n prime?
True
Let x(d) = 2*d**3 - 3*d - d**3 + 0*d**3 - 2*d**3 + 10*d**2 + 1. Is x(7) prime?
True
Let x(f) = 163*f**2 + 3*f - 3. Is x(1) a composite number?
False
Let k(r) = 0 - 4 + 4*r**2 - 3 + 1 + 3*r. Is k(-5) composite?
False
Let x = -980 - -1859. Is x a composite number?
True
Suppose q - 198 - 1444 = 0. Is q a prime number?
False
Suppose -2*q + q = 0. Is -9*((-2)/3 - q) a composite number?
True
Let q = 90 + -47. Suppose 4*r - 37 = -0*r - n, 4*r - n = q. Is r a composite number?
True
Let v = -29 - -325. Let i = 540 - -32. Suppose 0 = -4*o + 2*o - 3*p + v, -i = -4*o + 4*p. Is o a prime number?
False
Suppose -5*a + 3*n = -149, 4*a + 7*n = 4*n + 103. Suppose 22 = 2*o - a. Is o a composite number?
True
Suppose 3 = 3*s + 4*l - 16, 2*s - 13 = -3*l. Suppose -s - 3 = 2*c. Let y(d) = d**2 + d - 3. Is y(c) a composite number?
True
Suppose 0 = 2*f - f + 3. Let o = f + -3. Is (76/6)/(o/(-9)) composite?
False
Let g be 40/(-1) + -2 + 0. Let n = g + 113. Is n prime?
True
Suppose -10*p + 6*p = -32. Suppose -p*f + 1062 + 2258 = 0. Is f prime?
False
Let p = 286 - -801. Is p prime?
True
Suppose -v + 864 = 4*h, 5*h - 2*v - 896 = 171. Is h a composite number?
True
Let u = -13 - -6. Let m(f) = 77*f + 1. Let g be m(u). Is (-1)/4 - g/8 composite?
False
Let j(o) = 0*o**2 + o**2 - 2*o**2 - 8*o + 7. Suppose -5*h - 17 = 23. Is j(h) a prime number?
True
Let k(i) = -i**3 + 16*i**2 + 7*i - 21. Let o = -12 + 28. Is k(o) composite?
True
Let b(s) = -15*s**3 + 2*s + 3. Is b(-2) prime?
False
Suppose 3*m - 4*i = 15, 3*m = 2*i - 3*i. Let s(q) = 50*q - 1. Is s(m) prime?
False
Let p = 439 - 212. Suppose 0 = 2*d + n + 2*n - p, -554 = -5*d - 3*n. Is d a composite number?
False
Let g = -158 - -95. Let r = g + 94. Is r a prime number?
True
Let n(p) = 2*p**2 + 3*p. Let k(q) = -3*q**2 - 3*q. Let w(d) = -4*k(d) - 5*n(d). Let s be w(5). Is (-10)/s + 625/7 composite?
False
Let q(m) = 3*m**2 + 18*m - 5. Is q(-14) a composite number?
False
Let c be (331 + 2)/(3/(-4)). Let y = c - -643. Is y prime?
True
Suppose -103 + 731 = 4*a. Is a prime?
True
Let s(v) = -v**3 - 6*v**2 + v + 4. Let f be s(-6). Let q be f + (-1)/((-1)/2). Suppose -4*t + q*t = -36. Is t a composite number?
True
Let f(y) = 11*y + 6. Is f(11) composite?
False
Suppose 0 = -3*r - 1538 - 1450. Let m be ((-1)/(-3))/((-4)/r). Suppose -5*v + 82 = -m. Is v a composite number?
True
Let y(i) = 16*i**2 + 17*i - 2. Is y(7) prime?
False
Suppose -3*a = 3*a - 9174. Is a prime?
False
Let q(g) = -4*g**2 - 6*g + 3. Let i be q(11). Let p = -230 - i. Is p a prime number?
True
Let w(n) = -n**3 + 10*n**2 - 3*n - 1. Is w(-7) prime?
True
Let v = -5 - -10. Let y be 3/(v + -2)*0. Suppose y = 4*g - 71 - 77. Is g composite?
False
Suppose 3*u - 5*s = -2*u + 40, -3*u + 2*s = -26. Suppose -5*c + 5 = 3*b, b = -b - u. Suppose -c*i + 208 = 68. Is i prime?
False
Let x(m) = -2*m + 1. Let f be x(2). Let r(g) = 4*g**2 + 1. Is r(f) prime?
True
Suppose 0 = -3*q - 5*o + 2*o + 4023, -q + 1353 = 5*o. Is 3/9 - q/(-9) a prime number?
True
Let k(j) = 2*j**2 - 3*j - 10. Is k(-7) composite?
False
Let a(v) be the first derivative of 27*v**4/2 - 2*v**3/3 + v**2/2 - 3. Let l be 1*(1 - (0 + 0)). Is a(l) composite?
False
Suppose 30*a - 26*a = 2564. Is a composite?
False
Suppose -4*r = -0*r - 8. Suppose -p = 2*n - 6*n + 55, n - r = 0. Let u = p - -100. Is u composite?
False
Let u = 16 + -16. Is (158 + u)*21/6 a composite number?
True
Suppose 5*x + 4 = -16. Let q(y) = 13*y + 4. Let c be q(x). Let o = 99 + c. Is o a composite number?
True
Suppose -10 = -5*h + 10. Suppose -4*b = h*o + 416, 2*o + 190 = -b + 5*b. Let z = -10 - o. Is z a composite number?
True
Suppose -2*x - 108 = -4*x. Let c be (-174)/10 - 4/(-10). Let f = x + c. Is f composite?
False
Let m(x) = -x**3 + x**2 - x + 7. Let b be m(0). Let k(c) = -21*c + 9. Let q(f) = -10*f + 5. Let n(r) = -3*k(r) + 5*q(r). Is n(b) composite?
False
Let v(g) = g**3 - 11*g**2 - 8*g + 6. Let k be v(11). Let f = k + 244. Let c = f + -65. Is c a composite number?
False
Let t = -28 + 24. Is 79*-2*2/t a composite number?
False
Let b(i) = i**2 - 2*i + 3. Let m be b(5). Let c be 78/m - (-2)/(-6). Suppose -2*g = v - 42, -154 = -2*v - 3*v + c*g. Is v composite?
True
Let n(m) = m**2 - 7*m + 8. Let x be n(6). Suppose 0 = 6*q - 2*q. Suppose q = 3*v - 5 + 11, 5*i = -x*v + 181. Is i composite?
False
Is 1 + -2 + (-17118)/(-9) prime?
True
Let b(a) = -2*a - 3. Let l be b(-